+ 2*j - 1720 = 0, 0*j = -2*h - 2*j + o. List the prime factors of h.
2, 7, 41
Let s be 3/4 - 77/(-4). Suppose -3*f - 4*k + 136 = 0, -f - k + s = -6*k. Let j = f + -21. What are the prime factors of j?
19
Let q = 12059 + -8444. Suppose 5*f - q = -w, 0*f + f - 4*w = 744. What are the prime factors of f?
2, 181
Let k(a) = -a**2 - 35*a + 95. Let o be (-1 - -2)/((-19)/684). What are the prime factors of k(o)?
59
Let v(u) = -51*u + 8. Suppose -2 = -0*m - m. Let c be v(m). Let i = c - -159. List the prime factors of i.
5, 13
Let f be (-52 + 51)/((-1)/(-17)). List the prime factors of 502*2*(f - -18).
2, 251
Let c(u) = 3*u**2 - 15*u - 8. Let m(g) = g**2 - 3*g - 7. Let j be m(6). List the prime factors of c(j).
2, 5, 19
Suppose 13558*j + 185375 = 13583*j. List the prime factors of j.
5, 1483
Let a(u) be the second derivative of 29*u**5/4 - u**3/3 + u**2 + 5*u. Let q be a(1). Let t = q - 86. What are the prime factors of t?
59
Let t(w) = 26*w**2 - 10*w - 24. Let i be t(-5). Suppose -5*k = -k - i. Suppose 904 = k*b - 165*b. What are the prime factors of b?
2, 113
Let f(j) = j**3 + 44*j**2 - 119*j - 1294. What are the prime factors of f(-33)?
2, 13, 281
Suppose 152*p - 2217964 = 344756. What are the prime factors of p?
2, 3, 5, 281
Let m = -673 - -681. Let i be 6 - (0 + 1 + -2). List the prime factors of (201 - 0)*((2 - m) + i).
3, 67
Let s = 82 - 77. Suppose s = -4*g + 5. Suppose 105 = 2*d + 3*t, -2*d - t = -g*t - 95. What are the prime factors of d?
3, 5
Suppose -30*c - 27 - 33 = 0. List the prime factors of (1/c)/((63/8666)/(-9)).
619
Suppose 13*c - 10*c + b = 32, 0 = 3*b - 6. Suppose -c*p - 396 = -13*p. What are the prime factors of p?
2, 3, 11
Suppose -705604 = 93*r - 2100511. What are the prime factors of r?
53, 283
List the prime factors of (15831 - (1 + 0))/(15*(-20)/(-450)).
3, 5, 1583
Suppose -2*h + 139 = 4*r - 5*r, 0 = -3*h + 3*r + 201. Suppose -h = a + a. List the prime factors of 5/(20/(-12)) - a.
3, 11
Let w(l) = l**3 - 6*l**2 - 18*l - 48. Let h be w(16). Suppose 5*r = -d + 532, -r - h = -4*d - 201. What are the prime factors of d?
3, 13
Suppose 6443 = 5*h + 1318. Suppose 2*u - h = -5*q, -2*q - 115 = 5*u - 504. What are the prime factors of q?
3, 23
Let j(w) = -17264*w + 530. What are the prime factors of j(-3)?
2, 26161
Suppose t - 108 = -5*y + 242, -3*t + 4*y = -1088. Suppose 0 = -q + 5*q + 4*r - t, 0 = 5*r. What are the prime factors of q?
2, 3, 5
Let o = 9111 + -7787. List the prime factors of o.
2, 331
Suppose -63*c + 22*c + 255594 = 0. What are the prime factors of c?
2, 3, 1039
Suppose r - 7*y - 7 = -11*y, 0 = -4*r - 2*y + 14. Suppose 2*h = -3*g + 2149, -5*g - h = r*h - 3583. List the prime factors of g.
5, 11, 13
Let z be 3/(-15)*14/(-7)*-50. Let i(k) = k**3 + 21*k**2 - 28. Let a be i(z). Suppose 2*o + 7*q = 4*q + a, -2*q + 184 = o. What are the prime factors of o?
2, 3
Suppose 2*g = 2 + 2. Suppose 4*y - 3*b = g*b + 7, 0 = -2*y - b - 7. What are the prime factors of y - ((1 - -7)/(-4) + -10)?
2, 5
Suppose i - 62 = -3*d - 8, 0 = -2*i. Suppose 2*w + w + d = -4*l, 2*l + 2*w = -8. List the prime factors of 630/(-14)*l/5.
2, 3
Let d be 1/(3/6)*(176 - -13). Suppose -y + 0 = 3, -3*t = y - 807. Let n = d - t. What are the prime factors of n?
2, 3
Let h = -259 + 230. Let i = h + 36. List the prime factors of i.
7
Let o = 1506 - 1028. Suppose 366 = 4*l - 5*x, 0*l + 4*x = -5*l + o. List the prime factors of l.
2, 47
Let s(i) = -6*i + 52. Let w be s(21). Let y = 308 + w. List the prime factors of y.
2, 3, 13
Let h = 151 + 98. Suppose -4*u + 212 = -4*s, -6*u + s = -u - h. List the prime factors of u.
7
Suppose -5*p + 2*z + 284 = 0, 172 + 63 = 4*p + z. Suppose 54*s - p*s + 2408 = 0. List the prime factors of s.
2, 7, 43
Let q(w) = -637*w - 4. Let o be q(-4). Suppose 7*z = z + o. List the prime factors of z.
2, 53
Let i(p) = p**3 + 8*p**2 + 5*p - 11. Let t be i(-7). Suppose 2*m + 4*f + 16 = 0, -t*f = -m + 1 - 4. What are the prime factors of 2*41 - (m + -1 - -4)?
5, 17
Let d(y) = -4 - 2*y**2 + 19*y + 14*y + 10. Let g = 133 - 119. What are the prime factors of d(g)?
2, 19
Let h(x) = 86558*x**2 + 1555*x - 1555. What are the prime factors of h(1)?
2, 113, 383
Suppose 0 = 5*w, 2*s + 5*w + 235 = 7*s. Let v = s + -47. Suppose i - 5*n = 100, v*i - i + 2*n = -97. What are the prime factors of i?
5, 19
Let u be 4 + (1 - (-3)/(-5))*5. Let q be u/8 + 65/20. Suppose q*w - 157 = 59. List the prime factors of w.
2, 3
What are the prime factors of (1 - 6)*(22 - (-284528)/(-40))?
2, 277
Let k(u) = 30*u**2 - 19*u - 80. List the prime factors of k(22).
2, 3, 19, 41
Let z = -74 - 316. Let w be ((-1)/(2/z))/(6/(-4)). List the prime factors of -7*(-5)/((-25)/w).
2, 7, 13
Let k(n) = 116*n**2 + 59*n - 721. What are the prime factors of k(9)?
2, 4603
Suppose 3*t - 10 = -2*t. Suppose -2*u - t*o + 622 = 0, u - o = 3*o + 296. List the prime factors of u.
2, 7, 11
Suppose -34*f - 1875 = -39*f. Let s = -139 + f. List the prime factors of s.
2, 59
Let q = 343 - 108. Suppose -2*i = -0*i + 282. Let y = i + q. List the prime factors of y.
2, 47
Let r = -2303 - -1032. Let h = r + 2476. List the prime factors of h.
5, 241
Suppose 1016*m + 125974 - 425686 = 988*m. What are the prime factors of m?
2, 3, 223
Suppose 0 = -6*y + 2092 + 3992. Let k be 1/(21/y) + 4/(-14). Let x = k + -44. What are the prime factors of x?
2
Suppose 1388 = -7*r - 656. Let p = r - -1171. What are the prime factors of p?
3, 293
Suppose 5*y - 42*k = -41*k + 2230, 0 = -4*k. Let x = 637 + y. List the prime factors of x.
3, 19
What are the prime factors of (5 + 8215 + 4)/(8/16)?
2, 257
Suppose u = 2*u. Suppose 2*q - 6 - 2 = u. Let t(r) = -r**3 + 7*r**2 - 2*r - 9. List the prime factors of t(q).
31
Let a(s) = s**2 - 20*s - 54. Let k be a(-36). Suppose -2470 - k = -8*i. List the prime factors of i.
2, 277
Suppose 355*o - 360*o + 11294 = 2*z, -2*z = o - 2254. What are the prime factors of o?
2, 5, 113
Suppose -3*d + 94734 = -3*u, 7*u - 56006 + 182318 = 4*d. List the prime factors of d.
2, 3, 19, 277
Let o(q) = q**3 - 7*q**2 + 48*q + 31. What are the prime factors of o(8)?
479
Let j be 1/((8/(-178))/(-4)). Let n = -59 + j. List the prime factors of n.
2, 3, 5
Let h be (-2)/(-4) - 1 - 124/(-8). Suppose 6*g - h = g. Suppose 5*f - 229 = z, 7*z = 3*f + g*z - 134. What are the prime factors of f?
2, 23
Let a = 2198 + -995. Suppose 0 = -a*z + 1205*z - 82. What are the prime factors of z?
41
Let k(a) = 7*a - 5. Let u be k(1). Suppose -241 - 493 = -u*z. What are the prime factors of z?
367
Let z = -91 + 96. Suppose -2*k = -z*k + 5*n + 1430, -3*n = 4*k - 1868. What are the prime factors of k?
2, 5, 47
Let t = -1150 + 1136. Let v = 13 - 7. What are the prime factors of ((-6)/2)/(v/t)?
7
Let q = -89 + 94. Suppose q*v = 4*v - 3*j + 755, -4*j = -3*v + 2304. List the prime factors of v.
2, 191
Let r(q) = -48*q**3 + q + 3. Let f be r(-2). Suppose -t - 10*t = f. Let j = -6 - t. List the prime factors of j.
29
Let t = -4748 - -11555. What are the prime factors of t?
3, 2269
Let j = -619 - -624. Suppose -y = -j*g - 966, 4*g = 2*y + 9*g - 1917. What are the prime factors of y?
31
What are the prime factors of (3 - (-924)/55) + 18/15?
3, 7
Let a be (16/(-32))/(2/(-8)). Let b = -11 + 19. Suppose s + 4 = t + 10, a*t = -b. List the prime factors of s.
2
Let o be 3/9 + 17/3. Suppose -o*f + 1 = 133. Let m = f + 37. List the prime factors of m.
3, 5
Let h(z) = z**3 - 4*z**2 - 19*z + 39. Let q(r) = 21*r + 201. Let o be q(-9). What are the prime factors of h(o)?
3, 107
Let p = -7962 + 29526. What are the prime factors of p?
2, 3, 599
Suppose -53*b = -42719 - 43300. List the prime factors of b.
3, 541
Suppose 3*l + 2*m - 22 = m, 3*l - 2*m - 10 = 0. Suppose -8*a + 78 = -l*a. Suppose -8*x - a = -9*x. List the prime factors of x.
3, 13
Suppose -2*k - 3*j = -6*k - 26, -2*j + 14 = -2*k. List the prime factors of (k + 3)/((-3)/(153/6)).
17
Suppose 42*p + 33911 = 113291. List the prime factors of p.
2, 3, 5, 7
Suppose -5010 = -5*a + h, 3*a - 2961 = -2*h + 32. Suppose 0 = -5*b - 10, -a = -6*l + 3*l + 4*b. List the prime factors of l.
331
List the prime factors of ((-21144)/72 - 14)/(633/(-315) - -2).
5, 7, 13, 71
Let j = 12531 + -11275. What are the prime factors of j?
2, 157
Let b be (-1)/(-6) + 1925/(-462). List the prime factors of b/(-38) + 2526